8
Let r(c) = -c**2 + c + 5. Let z be r(0). Let d(a) = -3*a**2 - 17 + 5 - 4*a + a + 16*a. Let w(u) = 2*u**2 - 7*u + 6. Let s(y) = z*w(y) + 3*d(y). What is s(-5)?
-1
Let j(b) = -3 + b + 1 + 12. Let t be j(0). Suppose 3*q = q - t. Let k(m) = m**3 + 6*m**2 + 4*m - 4. Determine k(q).
1
Suppose -8 = -2*m, p - 4*m + 22 = 4*p. Let l = -3 + 5. Let v(a) = -2 - 3*a - 3*a**l + 5*a**2 + 3. Give v(p).
3
Let j = -156 - -162. Let q(a) = a - 5. Determine q(j).
1
Let n(a) be the third derivative of -a**5/6 + a**4/24 - 2*a**2. Suppose -2*c = 5*q + 9, 0 = -3*q - q - 4*c - 12. Calculate n(q).
-11
Let y be (2 + 9)*1*1. Let v = 6 - y. Let w(q) be the third derivative of -q**4/24 + q**3/6 - q**2. What is w(v)?
6
Suppose 0 = 2*n - 0*x + 2*x + 6, -8 = n + 2*x. Let s(i) = 3*i**2 - 3*i + 1. What is s(n)?
7
Let t(p) be the third derivative of p**8/20160 + p**7/5040 - p**5/60 + 3*p**2. Let x(v) be the third derivative of t(v). Calculate x(2).
6
Let t(y) = -4*y. Let w be t(-4). Suppose -3*o = -b - w, -b = 5*o - 3 - 13. Let a(v) = -v + 3. Calculate a(b).
7
Let s(n) = -n + 9. Suppose -4*p = p + 15. Let l(q) = q + 8. Let r be l(p). Calculate s(r).
4
Let c(l) = l**2 + 12*l - 2. Let n = 17 + -6. Let j(k) = 2*k**2 + 23*k - 4. Let v(q) = n*c(q) - 6*j(q). Let o(t) be the first derivative of v(t). Give o(-4).
2
Let r(n) = n**3 - 3*n**2 - 4*n + 4. Let j = -19 + 19. Suppose -c + 23 - 20 = j. What is r(c)?
-8
Suppose 4*u = -4 + 32. Suppose -1 = -s + u. Let p be s/(-10) + 5/(-25). Let h(r) = -7*r - 1. What is h(p)?
6
Let d(z) = z**2 + 7*z + 8. Let c(y) = -7*y**3 + y. Let q = -8 + 9. Let n be c(q). Give d(n).
2
Let f(l) be the third derivative of l**4/24 - 5*l**3/3 - 10*l**2. What is f(7)?
-3
Let x(u) = u - 7. Let n(l) = -l**3 - l**2 + 3*l - 4. Suppose 2*q + 42 = -3*m, m = 3*m + q + 27. Let s be ((-1)/(-2))/(2/m). Let g be n(s). Determine x(g).
-2
Let b(a) = -2*a**2 + a + 3 + a**2 + 0*a**2. What is b(3)?
-3
Let z = 3 + -31. Let r = z - -20. Let g(q) = -q**3 - 7*q**2 + 7*q - 2. Give g(r).
6
Let n(z) = 5*z**2 - 3*z + 3. Let b(p) = 5*p**2 - 3*p + 4. Let u(f) = 3*b(f) - 4*n(f). Calculate u(2).
-14
Suppose -4 = -21*w + 19*w. Let l(x) = x**3 - 2*x**2. Calculate l(w).
0
Let k(u) be the third derivative of -u**6/120 - u**5/12 + 5*u**4/24 - u**3/3 - u**2. Let q be ((-72)/(-40))/((-3)/10). Calculate k(q).
4
Let p(t) = -t**3 - 6*t**2 - 2*t - 8. Let v be p(-6). Let s(c) = -6 + 5 - c**2 + v + 4*c. Calculate s(4).
3
Let o be (100/(-30))/((-2)/3). Suppose 92 = o*j - 33. Suppose -5*h = -5*r - j, 0 = -3*r + 2*h - 6 - 5. Let x(w) = 8*w**2 - w - 1. Give x(r).
8
Let o(m) = -7*m**3 - 5*m**2 + 6*m + 6. Let z(g) = -11 + 3*g**2 + 15*g**3 - 13*g + 5*g**2 - 4*g**2 + 7*g**2. Let h(p) = -13*o(p) - 6*z(p). Calculate h(0).
-12
Let j be 2/(-7) - 576/42. Let y = j - -8. Let v(n) = 7*n + 1 - 1 + 1 + n**2. What is v(y)?
-5
Let h(n) = 2*n - 8. Let v = 9 - 3. Let s be h(v). Let u be (s + 0)*(-1)/(-2). Let x(f) = 4*f - 3. Give x(u).
5
Let n(v) = -6 + 0 - 2 + 2*v - 6. Let k be n(7). Let b(m) = m**2 - m - 6. Determine b(k).
-6
Let u be 2/(-2)*(-4 + 1). Suppose 20 = u*j + 47. Let h = 15 + j. Let a(t) = -t**3 + 7*t**2 - 5*t - 8. Determine a(h).
-2
Suppose -6 = -60*j + 62*j. Suppose 4*x - 2*o - 4 = 2*x, 3*x - 5*o = 2. Let g(r) = -r - x*r + 6*r + 5. Determine g(j).
2
Let t(x) = x - 2. Let y(q) = -q + 1. Let c(k) = 3*t(k) + 2*y(k). Give c(5).
1
Let g(s) be the third derivative of -1/6*s**3 - 1/4*s**4 + 0*s + 0 - 5*s**2. Determine g(1).
-7
Let x(q) be the third derivative of -5*q**4/24 - q**3/6 - 5*q**2. Let h = -4 - -3. Calculate x(h).
4
Suppose -4*d - 8 = -6*w + w, -3*w + d + 2 = 0. Let t(c) = 3*c - c + 1 - 5*c + w*c. Give t(1).
-2
Let z(u) = -u - 11. Suppose -5*n + 2*d - 26 = 3*d, 0 = -5*n + 3*d - 22. Give z(n).
-6
Suppose 4*m = -14 - 22. Let p(g) = g**2 + 10*g + 12. Let i be p(m). Let a(j) = 2*j**2 - 4*j. Determine a(i).
6
Let m(o) = -6 + 4*o + 6. Suppose -4 = 2*u - z - z, 0 = u + z - 8. What is m(u)?
12
Suppose -10 = -3*c - 1. Let v(d) = -5 - d**2 + 5 + 3*d. Determine v(c).
0
Let x = -31 + 59. Suppose 8 = -2*s, x = 4*d - 4*s - 0*s. Let z(y) = -y**2 + 6*y - 3. Give z(d).
6
Let z(m) = 14*m**3 + 32*m**2 - 3*m + 21. Let f(d) = -5*d**3 - 11*d**2 + d - 7. Let s(j) = -17*f(j) - 6*z(j). Calculate s(5).
-2
Let w(c) = -c**3 - c + 5. Let b be w(0). Suppose b = -z - 4*z. Let x(n) = -6*n - 1. What is x(z)?
5
Let g be (-3 - -3) + 1*2. Let y(s) = 2 + 3*s + g*s**2 - 5*s + 0. What is y(2)?
6
Let m(q) be the third derivative of q**5/120 + q**4/12 - q**3/2 - q**2. Let a(r) be the first derivative of m(r). Calculate a(-4).
-2
Let w = 10 - 7. Let g = 4 - w. Let u(a) = -27*a + 7*a + 11*a + 8*a. Determine u(g).
-1
Let n = -13 - -18. Let w = n + -5. Let d(z) = z + 4. What is d(w)?
4
Let c = 11 - 8. Suppose 4*f = 4, 3*f = c*o + 4*f - 7. Let v(m) = 1 + 0*m - o*m - 2*m**2 - 2*m**2. Determine v(1).
-5
Suppose j + 0 = 5. Let f(a) = 4 - a**2 + 7*a - a - j - 5*a. What is f(3)?
-7
Let v(b) be the third derivative of b**5/60 - 5*b**4/24 - 17*b**2. Determine v(4).
-4
Let c(w) = -w + 1. Suppose 4*q = 3*j - 11, -4*q - 4*j + 16 - 48 = 0. Give c(q).
6
Let p(y) = 3*y. Suppose 6*s + 40 = -5*h + s, 4 = -4*h + 3*s. Let k be (h/6)/((-4)/30). Suppose k*t = -4*o + 8, 5*o = t + 2*t + 10. Determine p(o).
6
Let l(b) = -b**2 + 8*b + 11. Let x(q) = -q**2 + 8*q + 10. Let f(w) = 4*l(w) - 3*x(w). Calculate f(10).
-6
Let h(a) = a**2 - 6*a - 4. Suppose -b + 2 + 7 = 0. Let x be ((-16)/(-24))/(1/b). What is h(x)?
-4
Let s(m) = 2*m**3 + m**2 - 3*m - 1. Suppose -4*f + 8 = -2*f. Suppose 3*t + 16 = f, 0 = -3*a - 5*t - 26. Give s(a).
-7
Let y(v) = -v**2 - 16*v - 4. Let f be y(-16). Let b(s) = -2*s - 5. What is b(f)?
3
Suppose -3*u - 1 = 5, 5*u = -5*g + 5. Suppose g*a + 15 = 6*i - 3*i, 10 = 5*i. Let f(m) = -m**2 - 2*m. Determine f(a).
-3
Let o(z) = z**3 + 9*z**2 - 2*z - 10. Let q be (-8)/64 + 71/(-8). What is o(q)?
8
Let p(g) = -2*g + 3 - 1 + 3*g. Let v be -3*(-2)/(-3) + -1. Determine p(v).
-1
Let x(z) be the third derivative of z**6/120 + z**5/30 + z**3/6 - 7*z**2. Determine x(-3).
-8
Let l(r) = -r**3 - 5*r**2 - 3*r + 4. Let h(u) = u**3 - 4*u**2 + 3*u - 4. Let f be h(3). Let t be l(f). Let a(w) = w**3 - w**2 + 3. What is a(t)?
3
Let y(w) = w**2 - 20*w - 23. Let p be y(21). Let g(q) = -2 + 3*q + 3 - 2*q. What is g(p)?
-1
Let k(s) = -s - 9. Let v be k(-9). Let w be -6*(2 + v + -1). Let x(z) = z**2 + 6*z - 6. What is x(w)?
-6
Let p be 1/(-4) - (-27)/12. Suppose p*v - 2 = -0*v. Let r(b) = 0 - 4*b + 0 + b**2 - v. Determine r(4).
-1
Let m(q) = q**3 + 5*q**2 - 6*q - 1. Let k = -17 + 11. Give m(k).
-1
Let h be -1 + 0 - (-31 + 0). Suppose 3*x - 5*x = -h. Let l be (x/10)/(2/(-4)). Let u(n) = -n**3 - 3*n**2 - 2*n - 4. What is u(l)?
2
Let p(q) be the first derivative of -q**3/3 + q**2 - 1. Calculate p(2).
0
Let d be 2/5 - 142/5. Let u = -13 - d. Suppose 3*j + u = -2*j. Let r(b) = b + 6. Determine r(j).
3
Let l(j) = -j + 11. Suppose 0 = c + 5*x - 31, -8*c + 4*c + 5*x = 1. Give l(c).
5
Let u(t) be the second derivative of -t**6/120 + t**5/15 - t**4/12 - 5*t**3/6 - 5*t**2/2 - 3*t. Let z(k) be the first derivative of u(k). Determine z(4).
-13
Let v(l) = 2*l**2 - l. Let f be (-7 + 5)*(-2)/((-4)/(-3)). Give v(f).
15
Let b(c) = -c**2. Let w be b(2). Let k(i) = 11*i**3 - i**2 - 11*i + 5. Let q(j) = 5*j**3 - 5*j + 2. Let x(a) = -4*k(a) + 9*q(a). Calculate x(w).
2
Let k(i) be the second derivative of i**5/20 - 5*i**4/12 - 5*i**3/6 - 7*i**2/2 + 2*i. Suppose -2*j + p + 12 = -2*p, -24 = -4*j + p. Calculate k(j).
-1
Let z(m) = -m**3 - m - 2. Let j be 2/(-4) + (-5)/(-10). Suppose k = -j*k + 9. Let n = k - 11. What is z(n)?
8
Let i(q) be the first derivative of 1/3*q**3 + 7/2*q**2 - 3 - 2*q. Determine i(-7).
-2
Let m(h) = 2*h + 3. Let c(p) = 6*p + 8. Let z(d) = 2*c(d) - 7*m(d). Determine z(-5).
5
Let a(c) = c - 5. Let d(t) = -3*t + 14. Let b(n) = 17*a(n) + 6*d(n). Let l(i) = 7*i**2 + i. Let o be l(-1). Suppose -8 = -2*x - j, 0 = -3*j - 6 - o. Give b(x).
-7
Let d(a) = 2*a**2 - 6*a. Let c(w) = -w**2 + w. Let m(u) = 6*c(u) + d(u). Give m(-1).
-4
Let a be (3/9)/(1/15). Let d(g) be the third derivative of -g**6/120 + g**5/12 - g**4/24 + g**3 - 4*g**2 - g. What is d(a)?
1
Let t(j) be the third derivative of -11*j**5/60 + j**4/24 + 5*j**2. Suppose 4*u - 8 = 16. Let d = -5 + u. Calculate t(d).
-10
Let u(q) = q - 1. Le